at is the tens digit of 40141?
4
What is the tens digit of 79507?
0
What is the hundreds digit of 15205?
2
What is the hundreds digit of 1170?
1
What is the ten thousands digit of 15386?
1
What is the hundreds digit of 2259?
2
What is the tens digit of 739?
3
What is the hundreds digit of 12677?
6
What is the units digit of 1429?
9
What is the units digit of 2283?
3
What is the tens digit of 1007?
0
What is the tens digit of 1171?
7
What is the thousands digit of 16745?
6
What is the thousands digit of 2340?
2
What is the hundreds digit of 38176?
1
What is the tens digit of 17465?
6
What is the tens digit of 894?
9
What is the hundreds digit of 4093?
0
What is the hundreds digit of 836?
8
What is the tens digit of 3172?
7
What is the hundreds digit of 2680?
6
What is the tens digit of 230?
3
What is the thousands digit of 1524?
1
What is the tens digit of 891?
9
What is the units digit of 14047?
7
What is the ten thousands digit of 26200?
2
What is the ten thousands digit of 24072?
2
What is the tens digit of 47776?
7
What is the tens digit of 5244?
4
What is the units digit of 14929?
9
What is the hundreds digit of 11189?
1
What is the tens digit of 14277?
7
What is the ten thousands digit of 10411?
1
What is the hundreds digit of 1513?
5
What is the units digit of 18229?
9
What is the units digit of 55964?
4
What is the units digit of 33006?
6
What is the thousands digit of 100111?
0
What is the ten thousands digit of 15371?
1
What is the tens digit of 596?
9
What is the units digit of 3523?
3
What is the ten thousands digit of 11639?
1
What is the units digit of 1263?
3
What is the tens digit of 30114?
1
What is the hundreds digit of 1217?
2
What is the hundreds digit of 925?
9
What is the hundreds digit of 6011?
0
What is the tens digit of 2300?
0
What is the thousands digit of 8324?
8
What is the tens digit of 5754?
5
What is the thousands digit of 73711?
3
What is the units digit of 770?
0
What is the thousands digit of 6124?
6
What is the thousands digit of 173007?
3
What is the ten thousands digit of 12168?
1
What is the tens digit of 30594?
9
What is the units digit of 4360?
0
What is the tens digit of 43600?
0
What is the tens digit of 832?
3
What is the ten thousands digit of 12225?
1
What is the thousands digit of 12245?
2
What is the tens digit of 5794?
9
What is the units digit of 86?
6
What is the units digit of 35790?
0
What is the thousands digit of 1607?
1
What is the units digit of 10642?
2
What is the hundreds digit of 666?
6
What is the hundreds digit of 103441?
4
What is the thousands digit of 7777?
7
What is the units digit of 24401?
1
What is the tens digit of 1079?
7
What is the hundreds digit of 1391?
3
What is the thousands digit of 1743?
1
What is the thousands digit of 1114?
1
What is the hundreds digit of 1242?
2
What is the tens digit of 12857?
5
What is the hundreds digit of 7066?
0
What is the hundreds digit of 6104?
1
What is the hundreds digit of 35889?
8
What is the hundreds digit of 1690?
6
What is the units digit of 14769?
9
What is the tens digit of 892?
9
What is the ten thousands digit of 74399?
7
What is the thousands digit of 61887?
1
What is the units digit of 80320?
0
What is the units digit of 900?
0
What is the tens digit of 9671?
7
What is the tens digit of 3027?
2
What is the units digit of 70260?
0
What is the thousands digit of 3189?
3
What is the hundreds digit of 18190?
1
What is the thousands digit of 109455?
9
What is the hundreds digit of 257?
2
What is the tens digit of 825?
2
What is the units digit of 1157?
7
What is the tens digit of 10408?
0
What is the hundreds digit of 12858?
8
What is the hundreds digit of 880?
8
What is the tens digit of 1902?
0
What is the tens digit of 1476?
7
What is the units digit of 6773?
3
What is the hundreds digit of 11779?
7
What is the hundreds digit of 1985?
9
What is the tens digit of 23?
2
What is the units digit of 71817?
7
What is the hundreds digit of 22260?
2
What is the tens digit of 536?
3
What is the tens digit of 84?
8
What is the units digit of 1952?
2
What is the thousands digit of 1423?
1
What is the hundreds digit of 34483?
4
What is the ten thousands digit of 136212?
3
What is the units digit of 4719?
9
What is the tens digit of 1621?
2
What is the units digit of 2070?
0
What is the thousands digit of 55892?
5
What is the units digit of 640?
0
What is the hundreds digit of 1394?
3
What is the units digit of 5910?
0
What is the units digit of 8622?
2
What is the thousands digit of 49184?
9
What is the thousands digit of 25339?
5
What is the hundreds digit of 4258?
2
What is the ten thousands digit of 41201?
4
What is the units digit of 842?
2
What is the thousands digit of 23726?
3
What is the tens digit of 17032?
3
What is the units digit of 29241?
1
What is the thousands digit of 28661?
8
What is the hundreds digit of 2640?
6
What is the units digit of 5798?
8
What is the tens digit of 42296?
9
What is the hundreds digit of 86849?
8
What is the units digit of 8827?
7
What is the thousands digit of 6355?
6
What is the tens digit of 466?
6
What is the thousands digit of 49257?
9
What is the thousands digit of 50476?
0
What is the hundreds digit of 2249?
2
What is the units digit of 205?
5
What is the ten thousands digit of 55174?
5
What is the thousands digit of 2393?
2
What is the thousands digit of 116231?
6
What is the thousands digit of 28719?
8
What is the ten thousands digit of 18234?
1
What is the tens digit of 1127?
2
What is the ten thousands digit of 68807?
6
What is the units digit of 1017?
7
What is the ten thousands digit of 12844?
1
What is the units digit of 11751?
1
What is the hundreds digit of 1413?
4
What is the thousands digit of 2362?
2
What is the units digit of 10476?
6
What is the tens digit of 3686?
8
What is the thousands digit of 34770?
4
What is the tens digit of 76440?
4
What is the hundreds digit of 2379?
3
What is the tens digit of 18279?
7
What is the hundreds digit of 23839?
8
What is the tens digit of 13730?
3
What is the tens digit of 640?
4
What is the thousands digit of 4685?
4
What is the thousands digit of 37902?
7
What is the thousands digit of 7647?
7
What is the thousands digit of 3751?
3
What is the thousands digit of 1162?
1
What is the hundreds digit of 11668?
6
What is the tens digit of 2788?
8
What is the tens digit of 1193?
9
What is the thousands digit of 161530?
1
What is the tens digit of 4641?
4
What is the ten thousands digit of 20277?
2
What is the tens digit of 733?
3
What is the thousands digit of 21391?
1
What is the hundreds digit of 5707?
7
What is the units digit of 2923?
3
What is the ten thousands digit of 43503?
4
What is the units digit of 748?
8
What is the units digit of 506?
6
What is the thousands digit of 2353?
2
What is the units digit of 1575?
5
What is the tens digit of 2027?
2
What is the tens digit of 1988?
8
What is the thousands digit of 3517?
3
What is the ten thousands digit of 16685?
1
What is the hundreds digit of 893?
8
What is the units digit of 40020?
0
What is the units digit of 559?
9
What is the units digit of 2125?
5
What is the hundreds digit of 8137?
1
What is the tens digit of 405?
0
What is the units digit of 1100?
0
What is the tens digit of 885?
8
What is the units digit of 2250?
0
What is the ten thousands digit of 127574?
2
What is the thousands digit of 1080?
1
What is the tens digit of 61?
6
What is the units digit of 75481?
1
What is the tens digit of 34800?
0
What is the hundreds digit of 233?
2
What is the hundreds digit of 5445?
4
What is the units digit of 4967?
7
What is the thousands digit of 2588?
2
What is the thousands digit of 17222?
7
What is the tens digit of 26417?
1
What is the hundreds digit of 4269?
2
What is the units digit of 22570?
0
What is the tens digit of 5366?
6
What is the tens digit of 948?
4
What is the hundreds digit of 969?
9
What is the ten thousands digit of 102673?
0
What is the units digit of 20009?
9
What is the tens digit of 162365?
6
What is the units digit of 45886?
6
What is the tens digit of 57396?
9
What is the tens digit of 12805?
0
What is the thousands digit of 3986?
3
What is the thousands digit of 5469?
5
What is the tens digit of 682?
8
What is the hundreds digit of 15517?
5
What is the hund